 6 and z?
6
Suppose -4*p + p = -15. Suppose 80 = -4*x + p*x. What is the highest common factor of 20 and x?
20
Suppose 0 = r - 4*b - 59, 4*r = b + 68 + 228. Calculate the highest common factor of 300 and r.
75
Suppose 58 + 20 = 6*m. What is the greatest common factor of m and 416?
13
Let c be (2 - -77)/1 - (-4 - -6). Let o = -21 - -28. Calculate the greatest common divisor of c and o.
7
Let f(p) = -6*p**2 - 24*p + 3. Let a be f(-4). What is the highest common factor of a and 237?
3
Let o = 126 - 223. Let p = o + 385. What is the highest common divisor of p and 36?
36
Let p = 20 - 9. Suppose 0*g + 23 = g - 5*w, 3*g - 5*w = 89. Let q be ((-8)/(-6) + (-2)/2)*g. What is the greatest common factor of p and q?
11
Let h = 154 - 113. Calculate the greatest common divisor of 328 and h.
41
Suppose 2*u = -3*n + 138, -2*n + 105 = -9*u + 6*u. Suppose 2*q + c - 3 = 0, 0 = q + c - 1. Suppose -48 = -q*v - v. What is the highest common factor of n and v?
16
Let z = 2 + 38. Let x be 27/(z/24 - (-4)/(-6)). Calculate the highest common divisor of x and 90.
9
Let n = -2 - -11. Suppose -n = 3*h - 33. What is the greatest common factor of 88 and h?
8
Suppose 10*b = 1185 + 415. What is the greatest common factor of b and 5?
5
Let s be (-5)/((10/12)/(-5)). Suppose 3*g = p + 39, -2*g - 8 = -2*p - s. What is the highest common factor of 28 and g?
14
Let p(i) = -i**3 - 7*i**2 - 11*i - 14. Let z be p(-7). Let r = z - 47. Calculate the highest common factor of 32 and r.
16
Suppose -3*h + 3*l - 49 = -118, 2*h = -3*l + 61. What is the greatest common divisor of 2 and h?
2
Let d be 1/(1/(-50))*(-41 - -40). What is the highest common factor of d and 900?
50
Suppose -5*s - 17 = -42. Suppose 7*v - 280 = s*v. Calculate the greatest common factor of v and 20.
20
Let y(s) = -2*s - 15. Let v be y(0). Let p = v - -30. What is the greatest common divisor of 105 and p?
15
Suppose 30 = g + 4*s, -4*g - g + 5*s = -25. Let w be ((-24)/10)/(1 + (-14)/g). Calculate the greatest common divisor of 42 and w.
6
Suppose 2*w = w + 5, -5*w + 10 = -3*q. Suppose -p - q*y + 130 = -0*p, -5*p + 710 = 5*y. What is the greatest common factor of 58 and p?
29
Suppose -2*m - 3*m = -980. Suppose -4*h = -3*r - m, r - 21 = -5*h + 224. Calculate the greatest common divisor of h and 21.
7
Suppose 630 - 98 = 4*b. Let y = 695 - 676. What is the greatest common divisor of b and y?
19
Suppose 3 = -2*u - 15. Let n = u - -11. Suppose -n*g - 3*g + 5 = 0. Calculate the greatest common divisor of g and 8.
1
Let y be (-33)/(-4) + 6/(-24). Suppose 4*v - 64 - y = 0. Calculate the greatest common divisor of 27 and v.
9
Suppose p = -x + 108, 3*p + 10 = -2*p. Calculate the greatest common divisor of x and 22.
22
Let w be (-108)/8*(7 + (-93)/9). Calculate the greatest common divisor of w and 435.
15
Let z(a) = -a**3 + 8*a**2 + 2*a - 4. Let o be z(6). Suppose 8*v = 31 - 98 + 195. What is the greatest common factor of v and o?
16
Suppose -3*b - q + 3*q + 184 = 0, 0 = 4*b + 2*q - 222. Calculate the greatest common divisor of 551 and b.
29
Let t(l) = 10*l - 11. Let m(v) = 11*v - 10. Let f(i) = -4*m(i) + 5*t(i). Let b = 4 - -3. Let s be f(b). Calculate the greatest common factor of 3 and s.
3
Let j be (-19)/((-988)/8) - (-1396)/52. Calculate the highest common factor of 63 and j.
9
Suppose 0 = f - 1 - 3. Suppose 0*t - 2*t + 3*q = 39, 4*t = f*q - 72. Let b = t + 51. Calculate the highest common divisor of 4 and b.
4
Suppose -2*v - 2*v + 1272 = -4*c, -2*v + 645 = -5*c. What is the greatest common divisor of v and 35?
35
Suppose 4*a = -4*m + 48, -2*a + 5*m + 36 = -a. Let x(f) = 4*f - 37. Let g be x(a). Calculate the greatest common divisor of 18 and g.
9
Suppose -10*k + 899 + 271 = 0. Suppose 3*z + 186 = 4*b - k, -b - 5*z + 47 = 0. What is the highest common factor of 48 and b?
24
Let v(f) = 8*f - 4. Let p be v(8). Let u = 1079 + -1059. What is the greatest common divisor of u and p?
20
Suppose 0 = 4*n - 5*u - 196, 12*u - 180 = -4*n + 13*u. Calculate the greatest common divisor of 88 and n.
44
Let p = 305 - 201. Let z be (-115)/(-9) - (-6)/27. What is the greatest common divisor of z and p?
13
Let i be 5446/42 + (-2)/(-6). Suppose -l - i = -3*l. Calculate the greatest common divisor of l and 13.
13
Suppose 0 = 4*j + 16, -2*j - j = -3*u - 141. Let d = 55 + u. What is the highest common factor of d and 12?
4
Let h be 7/21*(-27)/(-3). What is the highest common divisor of h and 33?
3
Let x(l) = -l**3 + 19*l**2 - 18*l - 101. Let b be x(17). Calculate the greatest common divisor of 63 and b.
9
Suppose -10*j - 57 = -3*p - 11*j, -4*j = -p + 19. What is the greatest common factor of 1121 and p?
19
Suppose 6*r - 10*r = -12. Suppose -4 = -2*x - 10. Let s(h) = -12*h - 3. Let y be s(x). Calculate the highest common divisor of r and y.
3
Suppose 0 = v + v - 20. Suppose 4*x + 4*l - 2*l = v, 0 = 2*x + 3*l - 11. Suppose 12 + 8 = 5*m. Calculate the highest common factor of x and m.
1
Let x = 10 - 28. Let h = -17 - x. Let m be 792/135 - 2/(-15). What is the highest common factor of h and m?
1
Suppose 0 = -4*t + 4*s + 56, 3*t = -s + 17 + 29. Suppose -t*z = -10*z - 255. Suppose 2*y + 15 = z. Calculate the greatest common factor of 18 and y.
18
Let t(x) = 4*x + 188. Let u be t(31). What is the highest common divisor of 78 and u?
78
Suppose 28*l - 648 = 26*l. What is the highest common divisor of 2 and l?
2
Let v(m) = -m**3 - 1. Let d be v(5). Let k be (d/(-35))/((-2)/(-5)). Suppose -j + 3*o = j - 69, k = 3*o. What is the greatest common divisor of j and 13?
13
Suppose 5*g - 27*l + 32*l = -20, -5*l = 25. Let y = 3 - 2. Let d = 0 + y. Calculate the greatest common factor of g and d.
1
Let j = -28 + 13. Let n be (j/3)/(-1 + 0). What is the highest common factor of n and 15?
5
Suppose -4*r = -9 + 25, -132 = -4*m + r. What is the greatest common divisor of 1056 and m?
32
Suppose 63*s - 992 = 5 - 115. Let k = 212 - -26. What is the greatest common factor of k and s?
14
Let k be ((-2)/4)/(11/(-506)). Calculate the highest common factor of 69 and k.
23
Let p(u) = u**2 - 7*u - 275. Let w be p(21). Calculate the greatest common divisor of w and 1159.
19
Let l(q) = q + 14. Suppose -2 = o, -4*o - 69 + 13 = 4*h. Let m be l(h). What is the highest common divisor of 8 and m?
2
Let x(s) = -s**2 - 6*s + 2. Let b be x(4). Let g = b + 44. Calculate the highest common divisor of 12 and g.
6
Let p(t) = 7*t**2 - t + 10. Let j(g) = g + 6. Let f be j(0). Let q be p(f). Calculate the greatest common factor of q and 32.
32
Suppose -22*i - 140 = -27*i. What is the highest common factor of 28 and i?
28
Let l = 628 - 598. What is the highest common divisor of l and 510?
30
Suppose -6*k + 178 = -254. Calculate the highest common divisor of k and 9.
9
Let g be (6/12)/(3/30). Calculate the highest common factor of 185 and g.
5
Let g be ((-2700)/(-105))/(-15)*42/(-4). What is the highest common divisor of 102 and g?
6
Let a(w) = 3*w**2 + 10*w - 4. Let i be a(-4). Suppose i*t + 16 = -f + 5*f, 32 = 4*f + 4*t. Calculate the highest common factor of 2 and f.
2
Suppose 2*f - 5*f = -3*g - 12, 8 = 2*f - 3*g. Suppose 37 = f*n + 5. Suppose -d + 27 = -l - 2*l, 5*d - 119 = -l. What is the greatest common divisor of d and n?
8
Suppose 963 = 12*l - 189. Let i = 132 - l. What is the greatest common factor of i and 132?
12
Let k(j) = j**2 + 7*j - 10. Let w be k(-10). Suppose 4*z + z = w. Suppose -11*u + 35 = -z*u. What is the greatest common divisor of u and 30?
5
Suppose 5*m = 3*r - 240, -m + 3*r + 0 - 60 = 0. Let v be -1 + 1 + m/(-15). Calculate the greatest common divisor of v and 24.
3
Let y = 36 + -4. Let o be (3760/(-141))/(1/(-3)). Calculate the greatest common factor of y and o.
16
Let t(x) = 5*x - 6*x - 4*x**2 - x**2 + x**3 - 7*x + 4. Let r be t(7). What is the greatest common divisor of 506 and r?
46
Let y be 6/(3 - (-985)/(-330)). Calculate the greatest common factor of y and 36.
36
Suppose 3*s - 2 = 5*n + 1, -5*n + s - 1 = 0. Let h be n + -1 + -1 + -3. Let i = h + 17. What is the highest common divisor of i and 24?
12
Suppose -2305 = -5*i - 5*a, 290 = -4*i - a + 2143. Calculate the highest common factor of i and 87.
29
Let p = -13 + 14. Let v(g) = g**3 - 4*g**2 - 6*g + 6. Let r be v(5). Suppose r = 3*z - 26. Calculate the greatest common divisor of z and p.
1
Let z = 28 + -64. Let w = 22